/5 - (-12)/20. Suppose -2*f + 37 + o = 0. Calculate the greatest common factor of f and 19.
19
Suppose q - 6*q - 199 = -4*b, 251 = 5*b - 4*q. Let d = b - 47. Calculate the highest common divisor of d and 36.
4
Suppose 3*f = -331 + 337. Let i be 1*(-3)/(6/28). Let r = i - -24. What is the greatest common divisor of r and f?
2
Let s(t) = 71*t - 2. Let k be s(6). Suppose -4*v - 128 = 4*l + 216, 2*v + k = -5*l. Let a = 175 + l. What is the highest common divisor of 13 and a?
13
Suppose 0*p + 100 = 5*p. Let q = 28 - p. Suppose 4*i = z + 202 + 114, -12 = -3*z. What is the greatest common factor of i and q?
8
Let h be (-1 + 0 - 154)*-1. Let i = -192 - -364. Suppose -169*a + i*a - 186 = 0. What is the highest common divisor of a and h?
31
Suppose 3*s = 3*m - 4*m + 14, -4*s + 5*m - 13 = 0. Suppose 22 = -s*z + 550. Calculate the greatest common divisor of 16 and z.
16
Let a be (-5)/((-5)/(-12)) - (1 + 2). Let l = 60 + a. Calculate the highest common divisor of 180 and l.
45
Let t be 14/63 - (-32)/18. Suppose 3*b - 5*h = 81, -7*h + t*h = 5*b - 175. Calculate the highest common divisor of b and 128.
32
Suppose 29*t - 5*t - 4320 = 0. What is the greatest common factor of 40 and t?
20
Let o(u) = 7*u**2 + 3*u + 4. Let r be o(-2). Suppose 4*a + a + r = 2*b, 0 = -b - 2*a - 5. What is the highest common factor of 9 and b?
3
Let m be (-1)/(-2) + (-149)/(-2). Suppose -64*f + 150 = -59*f. What is the highest common divisor of m and f?
15
Let y(x) = -x**3 - 8*x**2 - 4*x - 8. Let o be y(-8). What is the greatest common divisor of 3 and o?
3
Let a be 11 - (-20)/4 - 1. Suppose 6*g + 5*b - 265 = 2*g, 5*g = 4*b + 280. What is the greatest common factor of g and a?
15
Let h(c) = -8*c + 1. Let z be -1 + (-1 - -7) + -3. Let u be h(z). Let d = u + 35. What is the highest common factor of d and 10?
10
Let t = 72 - 64. Suppose t*u - 380 = 3*u. What is the greatest common divisor of 57 and u?
19
Let o be -4 + 30/(-5) + 22. Calculate the highest common factor of o and 132.
12
Suppose -4*y + 19*w + 672 = 15*w, -3*y = 3*w - 516. Calculate the greatest common divisor of 85 and y.
85
Let w = 13 + -9. Suppose i - w*t - 10 = 0, -41 + 1 = -2*i - 2*t. What is the highest common divisor of i and 90?
18
Let g be 118*(6 + 99/(-18)). What is the greatest common divisor of 649 and g?
59
Let a be (134/6)/(13 - (-154)/(-12)). Calculate the greatest common divisor of a and 1943.
67
Let v = -31 - -1. Let a be (v/(-4))/((-3)/(-10)). What is the greatest common factor of a and 25?
25
Let h be (-1)/(23/12 + -2). Suppose -12*z + 10*z + 54 = 4*x, -3*z - 15 = -2*x. What is the greatest common factor of x and h?
12
Let k(y) = -y**2 + 10*y - 10. Let b = -3 - -6. Suppose -3*h + 6*q - q = -49, b = h + q. Let s be k(h). What is the highest common factor of 54 and s?
6
Let k = -284 - -352. Let y(z) = z**3 + 6*z**2 + 2. Let v be y(-4). What is the highest common factor of k and v?
34
Let h = -7 - -12. Suppose -h*i = -150 - 300. Suppose -2*y = -7*y + i. What is the highest common divisor of 18 and y?
18
Let d(x) = 2*x**2 + 2*x - 4. Let g be d(7). Let v(p) = 2*p**3 - p + 12. Let c be v(0). Calculate the highest common divisor of g and c.
12
Suppose 16*t - 17*t + 144 = 0. Let y = 43 - 34. Calculate the greatest common factor of y and t.
9
Let a(h) = h**3 - 7*h**2 + 26*h - 79. Let d be a(5). Suppose -5*q - 2 = 8. Let y be q/9 + (-260)/(-36). What is the highest common divisor of y and d?
1
Let c = -41 + 41. Suppose 4*t + 20 = r, c = -2*r - 4*t + t + 40. What is the greatest common factor of r and 10?
10
Let l be 623/3 + 2/(-3). Suppose x + 118 = 5*u, 0 = -4*u + 3*u + 2*x + 29. Calculate the greatest common factor of u and l.
23
Let t be 201/(-4) - 18/24. Let w be (t/2)/((-9)/12). Suppose -d - k + 107 = -w, -4*k - 151 = -d. What is the highest common factor of d and 13?
13
Let m(h) = -h**2 - h - 8. Let u be m(0). Let i = 63 + u. Let v be 1*(-1 + 2)*11. Calculate the highest common divisor of v and i.
11
Let k be (1/2)/(25/150). What is the highest common divisor of k and 21?
3
Suppose 4*c - 496 = -2*x, -4*c + 7*c - 372 = 5*x. What is the highest common divisor of c and 186?
62
Let d(a) = -27*a - 5. Let t(k) = -k**2 + 14*k + 31. Let j be t(16). Let f be d(j). Calculate the highest common factor of 242 and f.
22
Suppose 0 = 5*i - 3*t - 65, -3*i + 0*t + 39 = t. Suppose -i*d = -17*d + 112. Calculate the highest common divisor of 14 and d.
14
Suppose -2777 = -4*f - v, -4*f + 11*v - 6*v = -2747. What is the greatest common factor of 252 and f?
63
Let f be (162/3)/((-16)/(-24)). Calculate the highest common factor of f and 9.
9
Let m be (-568)/(-16) + 3/(-12)*-2. Calculate the highest common divisor of 846 and m.
18
Let p be -7 + 54 - -3 - ((-5 - 5) + 3). Suppose -4 = o - 3, -5*l + 4*o + 184 = 0. Let f be 1 + l + 3/3. What is the greatest common divisor of f and p?
19
Suppose 3*f + 2*u = -0*u + 24, -2*u - 36 = -3*f. Let j be (-2)/11 - (-9195)/55. Let s be 12/(-66) - j/(-11). What is the highest common factor of f and s?
5
Suppose -2*t - 18 = -28. Calculate the highest common divisor of 1 and t.
1
Suppose -924 = -4*g - a, 66*a = -g + 71*a + 210. What is the greatest common divisor of g and 414?
46
Let h(o) = 2*o - 5. Let k be h(5). Suppose k*w - 6 = -v + 4, 30 = 3*v + 4*w. Suppose -2*d = -50 - v. What is the greatest common divisor of d and 6?
6
Suppose 0 = -2*f + 3*f + 2. Let l be (18 - f)/(4/6). Let r be (70/77)/(-5) - (-402)/33. Calculate the greatest common factor of l and r.
6
Let c be (-5)/25 + (-184)/(-20). Suppose 0 = 3*z - c*z + 594. What is the greatest common divisor of z and 11?
11
Let u = -17 - -7. Let g = u + 20. Suppose -5*q - 20 = -g*q + 5*a, 4*a + 7 = q. What is the greatest common factor of q and 1?
1
Let c = -590 - -594. Calculate the highest common factor of 13 and c.
1
Suppose -98*d - 1152 = -104*d. What is the greatest common factor of d and 36?
12
Let t = -21 - -20. Let d = 56 + t. Calculate the highest common divisor of d and 5.
5
Let p be 1/(1/(59 - 0)). Suppose 4*x - 50 = 2*z, -5*z - p = -x - 3*x. Suppose 2*f = -23 + 89. What is the greatest common divisor of f and x?
11
Let y = -5 + 17. Let m be 3/y + 1055/4. Suppose 0 = 5*k + 40, -164*h + 2*k = -166*h + 32. What is the highest common factor of h and m?
24
Let g(s) = -10*s - 8. Let i be g(7). Let z be (-1416)/i - (-6)/(-39). What is the highest common factor of z and 6?
6
Suppose 0 = -3*a - n + 38, a + n + 2 = -3*n. Let r = 300 - 202. Calculate the greatest common divisor of a and r.
14
Suppose 0 = 4*o + x + 4*x + 9, 0 = -3*o + 3*x - 27. Let v(j) = 3*j**2 - 6*j. Let c be v(o). What is the highest common divisor of c and 16?
16
Let k(x) = -x - 18. Let l be k(-10). Let v be 2*-35*-9*l/(-28). Calculate the greatest common divisor of v and 45.
45
Let k be (5 + 14/7)*(-1)/(-1). What is the greatest common factor of k and 532?
7
Let i = 836 - 828. Calculate the greatest common factor of i and 10.
2
Let y(h) = h**3 - 5*h**2 - 3*h + 5. Let i be y(6). Suppose -i*o + 30 = -17*o. Calculate the greatest common factor of o and 40.
5
Suppose 2*x + 1460 = 12*x. Let r = x - -85. What is the highest common factor of r and 33?
33
Let j = 164 + -151. What is the greatest common divisor of j and 52?
13
Let v(m) = -27*m - 3. Let q be v(-2). Let c = 2 - -78. Let z = -63 + c. Calculate the highest common divisor of q and z.
17
Let u(y) = -3*y**3 - 54*y**2 - 6*y - 50. Let v be u(-18). What is the greatest common divisor of 638 and v?
58
Let k = -409 - -583. What is the greatest common factor of k and 6?
6
Let o = -60 - -63. Let t be 28 - (-1 - (1 - o)). Calculate the highest common divisor of t and 54.
27
Let t be 6536/18 + (4/9)/(-4). What is the highest common divisor of 165 and t?
33
Suppose -4*k + 948 = 2*q, 3*k + k + 4*q = 952. Suppose 0 = l + 5, -3*y - 4*l - k = -7*y. Calculate the highest common divisor of 27 and y.
27
Let k(w) = -w + 8*w**2 - 5*w + 2*w. Let y be k(4). Suppose -4*b = 6*r - 2*r - 60, -3*r + 39 = -3*b. What is the highest common divisor of r and y?
14
Let i(f) = -f**3 - 6*f**2 + 9*f + 18. Let j be i(-9). Let l(g) = -24*g. Let w be l(-3). What is the greatest common factor of j and w?
36
Suppose 4*y - q = 1306 + 1506, 5*y + 5*q - 3540 = 0. Calculate the highest common divisor of y and 33.
11
Let s(d) = -3*d**3 - 3*d**2 - 2*d - 4. Let r be s(